{"id":99,"date":"2025-11-15T09:46:19","date_gmt":"2025-11-15T09:46:19","guid":{"rendered":"https:\/\/www.angiomedica.eu\/catalogo\/?post_type=product&#038;p=99"},"modified":"2025-11-15T09:46:19","modified_gmt":"2025-11-15T09:46:19","slug":"crestor","status":"publish","type":"product","link":"https:\/\/www.angiomedica.eu\/catalogo\/product\/crestor\/","title":{"rendered":"Crestor"},"content":{"rendered":"<h1>Guida al farmaco: Crestor (rosuvastatina)<\/h1>\n<p>Questa guida fornisce informazioni generali su Crestor (principio attivo: rosuvastatina). Non sostituisce il parere del medico o del farmacista. Seguire sempre le indicazioni del medico e la scheda tecnica del medicinale.<\/p>\n<h2>Nome<\/h2>\n<ul>\n<li>Nome commerciale: Crestor<\/li>\n<li>Nome generico: rosuvastatina<\/li>\n<li>Classe farmacologica: statina (inibitore della HMG\u2011CoA reduttasi)<\/li>\n<\/ul>\n<h2>Che cos&#8217;\u00e8 e a cosa serve<\/h2>\n<ul>\n<li>La rosuvastatina riduce la sintesi epatica del colesterolo e aumenta l&#8217;espressione dei recettori LDL, abbassando in particolare il colesterolo LDL (colesterolo &#8220;cattivo&#8221;).<\/li>\n<li>Indicazioni comuni: ipercolesterolemia primaria, dislipidemie miste, prevenzione primaria e secondaria degli eventi cardiovascolari, trattamento di alcuni casi di ipercolesterolemia familiare (secondo indicazioni mediche).<\/li>\n<\/ul>\n<h2>Meccanismo d&#8217;azione<\/h2>\n<p>Inibisce l&#8217;enzima HMG\u2011CoA reduttasi, responsabile di un passaggio chiave nella biosintesi del colesterolo nel fegato. Riducendo la sintesi di colesterolo intraepatico si aumenta il riassorbimento di LDL dal sangue.<\/p>\n<h2>Posologia (indicazioni generali)<\/h2>\n<p>La posologia deve essere personalizzata dal medico in base al profilo di rischio cardiovascolare, ai livelli lipidici, alla funzione renale ed epatica e alla tollerabilit\u00e0.<\/p>\n<table border=\"1\" cellpadding=\"6\" cellspacing=\"0\">\n<tr>\n<th>Gruppo<\/th>\n<th>Posologia iniziale usuale<\/th>\n<th>Range posologico<\/th>\n<th>Note<\/th>\n<\/tr>\n<tr>\n<td>Adulti<\/td>\n<td>5\u201310 mg una volta al giorno (spesso 10 mg)<\/td>\n<td>5\u201340 mg una volta al giorno<\/td>\n<td>Aumentare la dose in base alla risposta e tollerabilit\u00e0. Massimo generalmente 40 mg\/giorno.<\/td>\n<\/tr>\n<tr>\n<td>Pazienti con fattori di rischio per livelli aumentati di rosuvastatina (es. origine asiatica, ipotiroidismo non trattato, interazioni farmacologiche)<\/td>\n<td>5 mg una volta al giorno<\/td>\n<td>Non superare la dose raccomandata dal medico; alcune popolazioni richiedono dosi pi\u00f9 basse<\/td>\n<td>Monitorare attentamente per effetti avversi.<\/td>\n<\/tr>\n<tr>\n<td>Insufficienza renale grave<\/td>\n<td>Iniziare con 5 mg (medico valuter\u00e0)<\/td>\n<td>Evita dose massima elevata; aggiustare secondo funzionalit\u00e0 renale<\/td>\n<td>Richiede monitoraggio; il medico stabilir\u00e0 il dosaggio pi\u00f9 sicuro.<\/td>\n<\/tr>\n<tr>\n<td>Anziani<\/td>\n<td>Iniziare con la dose pi\u00f9 bassa (es. 5\u201310 mg)<\/td>\n<td>Regolare secondo tollerabilit\u00e0<\/td>\n<td>Maggiore sensibilit\u00e0 agli effetti avversi; monitorare funzione renale e muscolare.<\/td>\n<\/tr>\n<\/table>\n<h2>Modalit\u00e0 di somministrazione<\/h2>\n<ul>\n<li>Assumere per via orale, una volta al giorno, preferibilmente alla stessa ora ogni giorno.<\/li>\n<li>Si pu\u00f2 assumere con o senza cibo.<\/li>\n<li>Non spezzare o masticare compresse a rilascio immediato se non indicato sul foglio illustrativo.<\/li>\n<\/ul>\n<h2>Effetti indesiderati<\/h2>\n<p>Elenco non esaustivo. Segnalare immediatamente al medico reazioni gravi o persistenti.<\/p>\n<h3>Effetti comuni (possono interessare pi\u00f9 di 1 persona su 100)<\/h3>\n<ul>\n<li>Mal di testa<\/li>\n<li>Dolori muscolari o debolezza (mialgia)<\/li>\n<li>Nausea, dolore addominale<\/li>\n<li>Affaticamento<\/li>\n<\/ul>\n<h3>Effetti meno comuni \/ gravi<\/h3>\n<ul>\n<li>Aumento delle transaminasi epatiche (epatotossicit\u00e0 potenziale).<\/li>\n<li>Miopatia grave e rabdomiolisi (rara ma potenzialmente fatale) con rischio aumentato in presenza di fattori predisponenti o interazioni farmacologiche.<\/li>\n<li>Miopatia autoimmune necrotizzante (rara).<\/li>\n<li>Reazioni allergiche (es. eruzione cutanea, prurito, edema).<\/li>\n<\/ul>\n<h3>Segni che richiedono assistenza medica urgente<\/h3>\n<ul>\n<li>Dolore muscolare grave, debolezza o crampi associati a febbre o urine scure (possibile rabdomiolisi).<\/li>\n<li>Segni di danno epatico: ittero (pelle o occhi gialli), urine scure, dolore addominale persistente, stanchezza intensa.<\/li>\n<li>Segni di reazione allergica grave: difficolt\u00e0 respiratorie, gonfiore del viso o della gola.<\/li>\n<\/ul>\n<h2>Controindicazioni<\/h2>\n<ul>\n<li>Ipersensibilit\u00e0 alla rosuvastatina o ad uno qualsiasi degli eccipienti.<\/li>\n<li>Malattia epatica in fase attiva o aumento persistente non spiegato delle transaminasi epatiche.<\/li>\n<li>Gravidanza e allattamento (vedi paragrafo dedicato).<\/li>\n<\/ul>\n<h2>Precauzioni e avvertenze<\/h2>\n<ul>\n<li>Prima di iniziare terapia: valutare la funzionalit\u00e0 epatica e, se indicato, il CK (creatinchinasi) in pazienti con fattori di rischio per miopatia.<\/li>\n<li>Interrompere o sospendere la terapia se comparsa di sintomi muscolari inspiegati con aumento del CK significativo.<\/li>\n<li>Uso con cautela in pazienti con preesistente malattia epatica cronica stabile; monitorare transaminasi.<\/li>\n<li>Correggere ipotiroidismo non trattato prima di iniziare una statina, perch\u00e9 l\u2019ipotiroidismo aumenta il rischio di miopatia.<\/li>\n<li>Limitare consumo di alcol per ridurre il rischio di epatotossicit\u00e0.<\/li>\n<\/ul>\n<h2>Interazioni farmacologiche importanti<\/h2>\n<ul>\n<li>Fibrati (es. gemfibrozil) e niacina ad alte dosi: aumentano il rischio di miopatia\/rabdomiolisi.<\/li>\n<li>Ciclosporina: pu\u00f2 aumentare significativamente le concentrazioni di rosuvastatina; richiede attenzione e possibile riduzione di dose.<\/li>\n<li>Alcuni inibitori\/produttori di trasportatori (es. alcuni antivirali) possono aumentare l\u2019esposizione; consultare il medico o il foglio illustrativo.<\/li>\n<li>Anticoagulanti orali (es. warfarin): la rosuvastatina pu\u00f2 modificare l\u2019INR; monitorare pi\u00f9 frequentemente il tempo di protrombina\/INR dopo inizio o sospensione della statina.<\/li>\n<li>Colchicina: aumento del rischio di miopatia quando usata contemporaneamente a una statina.<\/li>\n<li>Resine sequestranti degli acidi biliari: possono ridurre l\u2019assorbimento della statina; se co-somministrate, separare le somministrazioni (ad es. 4 ore di distanza) secondo indicazioni.<\/li>\n<li>Altri farmaci che aumentano il rischio di danno muscolare o che aumentano la concentrazione plasmatica di rosuvastatina richiedono prudenza e monitoraggio.<\/li>\n<\/ul>\n<p>Informare sempre il medico di tutti i farmaci, integratori ed erbe che si stanno assumendo.<\/p>\n<h2>Gravidanza e allattamento<\/h2>\n<ul>\n<li>Controindicata in gravidanza: le statine possono essere dannose per il feto. Interrompere la terapia in caso di gravidanza o se si pianifica una gravidanza.<\/li>\n<li>Controindicata durante l\u2019allattamento: la statina pu\u00f2 passare nel latte materno; cessare l&#8217;allattamento o evitare il farmaco secondo il consiglio medico.<\/li>\n<\/ul>\n<h2>Uso in popolazioni particolari<\/h2>\n<ul>\n<li>Pediatria: l\u2019uso nei bambini\/adolescenti per alcune forme di dislipidemia pu\u00f2 essere indicato ma deve essere deciso dallo specialista; dosaggi e monitoraggio specifici sono necessari.<\/li>\n<li>Anziani: cominciare con dosi pi\u00f9 basse e monitorare funzione renale e effetti avversi.<\/li>\n<li>Insufficienza renale: la funzione renale influisce sulla scelta della dose; il medico adatter\u00e0 il dosaggio.<\/li>\n<\/ul>\n<h2>Monitoraggio raccomandato<\/h2>\n<ul>\n<li>Determinazione lipidica: 4\u201312 settimane dopo l\u2019inizio della terapia o dopo ogni modifica di dose, quindi periodicamente (in genere ogni 3\u201312 mesi).<\/li>\n<li>Esami epatici (ALT, AST): prima dell\u2019inizio e se compaiono segni\/sintomi di tossicit\u00e0 epatica. Monitoraggi periodici secondo indicazione clinica.<\/li>\n<li>Valutazione della funzione muscolare\/CK se compaiono sintomi muscolari o in presenza di fattori di rischio.<\/li>\n<\/ul>\n<h2>Cosa fare se si dimentica una dose<\/h2>\n<ul>\n<li>Se si dimentica una dose, prenderla non appena se ne ricorda lo stesso giorno. Non raddoppiare la dose il giorno successivo per compensare la dimenticanza.<\/li>\n<\/ul>\n<h2>Sovradosaggio<\/h2>\n<ul>\n<li>In caso di sovradosaggio, contattare immediatamente un centro antiveleni o il pronto soccorso. Il trattamento \u00e8 di supporto e sintomatico; pu\u00f2 essere necessario monitorare la funzionalit\u00e0 epatica e muscolare.<\/li>\n<\/ul>\n<h2>Conservazione<\/h2>\n<ul>\n<li>Conservare nella confezione originale, a temperatura ambiente secondo quanto indicato dal foglio illustrativo (di solito evitare calore e umidit\u00e0 eccessivi).<\/li>\n<li>Mantenere fuori dalla portata dei bambini.<\/li>\n<\/ul>\n<h2>Consigli per il paziente<\/h2>\n<ul>\n<li>Seguire uno stile di vita sano (dieta, attivit\u00e0 fisica, cessazione del fumo) insieme alla terapia farmacologica.<\/li>\n<li>Segnalare subito al medico qualsiasi dolore muscolare nuovo o ingravescente, sensazione di debolezza o urine scure.<\/li>\n<li>Informare tutti i fornitori di assistenza sanitaria (medici, dentisti, farmacisti) che si sta assumendo rosuvastatina.<\/li>\n<li>Non interrompere il farmaco senza consultare il medico, soprattutto se viene assunto per ridurre il rischio cardiovascolare.<\/li>\n<\/ul>\n<h2>Avvertenza finale<\/h2>\n<p>Questa guida riassume le informazioni principali su Crestor (rosuvastatina) ma non \u00e8 esaustiva. Per informazioni dettagliate, leggere il foglio illustrativo incluso nella confezione e consultare il medico o il farmacista. In caso di dubbi o effetti avversi gravi, rivolgersi immediatamente a un professionista sanitario.<\/p>\n","protected":false},"excerpt":{"rendered":"<p>Crestor \u00e8 il nome commerciale il cui principio attivo \u00e8 la rosuvastatina (rosuvastatina calcio), disponibile anche come farmaco generico chiamato rosuvastatina; \u00e8 una statina usata per abbassare il colesterolo LDL, aumentare il colesterolo \u201cbuono\u201d e ridurre il rischio di infarto e ictus.<\/p>\n<h2>Prezzo Crestor<\/h2>\n<p>La gamma fiscale per la Crestor va da 0.61\u20ac a 2.86\u20ac per pillole. Il punto cruciale della determinazione del prezzo ruota attorno alle dimensioni della confezione e alla qualit\u00e0 degli ingredienti (30 o 360 pillole; 20mg, 10mg, 5mg).<\/p>\n","protected":false},"featured_media":129,"comment_status":"open","ping_status":"closed","template":"","meta":{"site-sidebar-layout":"default","site-content-layout":"","ast-site-content-layout":"default","site-content-style":"default","site-sidebar-style":"default","ast-global-header-display":"","ast-banner-title-visibility":"","ast-main-header-display":"","ast-hfb-above-header-display":"","ast-hfb-below-header-display":"","ast-hfb-mobile-header-display":"","site-post-title":"","ast-breadcrumbs-content":"","ast-featured-img":"","footer-sml-layout":"","ast-disable-related-posts":"","theme-transparent-header-meta":"","adv-header-id-meta":"","stick-header-meta":"","header-above-stick-meta":"","header-main-stick-meta":"","header-below-stick-meta":"","astra-migrate-meta-layouts":"default","ast-page-background-enabled":"default","ast-page-background-meta":{"desktop":{"background-color":"var(--ast-global-color-5)","background-image":"","background-repeat":"repeat","background-position":"center center","background-size":"auto","background-attachment":"scroll","background-type":"","background-media":"","overlay-type":"","overlay-color":"","overlay-opacity":"","overlay-gradient":""},"tablet":{"background-color":"","background-image":"","background-repeat":"repeat","background-position":"center center","background-size":"auto","background-attachment":"scroll","background-type":"","background-media":"","overlay-type":"","overlay-color":"","overlay-opacity":"","overlay-gradient":""},"mobile":{"background-color":"","background-image":"","background-repeat":"repeat","background-position":"center center","background-size":"auto","background-attachment":"scroll","background-type":"","background-media":"","overlay-type":"","overlay-color":"","overlay-opacity":"","overlay-gradient":""}},"ast-content-background-meta":{"desktop":{"background-color":"var(--ast-global-color-4)","background-image":"","background-repeat":"repeat","background-position":"center center","background-size":"auto","background-attachment":"scroll","background-type":"","background-media":"","overlay-type":"","overlay-color":"","overlay-opacity":"","overlay-gradient":""},"tablet":{"background-color":"var(--ast-global-color-4)","background-image":"","background-repeat":"repeat","background-position":"center center","background-size":"auto","background-attachment":"scroll","background-type":"","background-media":"","overlay-type":"","overlay-color":"","overlay-opacity":"","overlay-gradient":""},"mobile":{"background-color":"var(--ast-global-color-4)","background-image":"","background-repeat":"repeat","background-position":"center center","background-size":"auto","background-attachment":"scroll","background-type":"","background-media":"","overlay-type":"","overlay-color":"","overlay-opacity":"","overlay-gradient":""}}},"product_brand":[],"product_cat":[136],"product_tag":[],"class_list":{"0":"post-99","1":"product","2":"type-product","3":"status-publish","4":"has-post-thumbnail","6":"product_cat-colesterolo-basso","7":"desktop-align-left","8":"tablet-align-left","9":"mobile-align-left","11":"first","12":"instock","13":"shipping-taxable","14":"product-type-external"},"_links":{"self":[{"href":"https:\/\/www.angiomedica.eu\/catalogo\/wp-json\/wp\/v2\/product\/99","targetHints":{"allow":["GET"]}}],"collection":[{"href":"https:\/\/www.angiomedica.eu\/catalogo\/wp-json\/wp\/v2\/product"}],"about":[{"href":"https:\/\/www.angiomedica.eu\/catalogo\/wp-json\/wp\/v2\/types\/product"}],"replies":[{"embeddable":true,"href":"https:\/\/www.angiomedica.eu\/catalogo\/wp-json\/wp\/v2\/comments?post=99"}],"wp:featuredmedia":[{"embeddable":true,"href":"https:\/\/www.angiomedica.eu\/catalogo\/wp-json\/wp\/v2\/media\/129"}],"wp:attachment":[{"href":"https:\/\/www.angiomedica.eu\/catalogo\/wp-json\/wp\/v2\/media?parent=99"}],"wp:term":[{"taxonomy":"product_brand","embeddable":true,"href":"https:\/\/www.angiomedica.eu\/catalogo\/wp-json\/wp\/v2\/product_brand?post=99"},{"taxonomy":"product_cat","embeddable":true,"href":"https:\/\/www.angiomedica.eu\/catalogo\/wp-json\/wp\/v2\/product_cat?post=99"},{"taxonomy":"product_tag","embeddable":true,"href":"https:\/\/www.angiomedica.eu\/catalogo\/wp-json\/wp\/v2\/product_tag?post=99"}],"curies":[{"name":"wp","href":"https:\/\/api.w.org\/{rel}","templated":true}]}}