{"id":76,"date":"2025-08-29T18:44:24","date_gmt":"2025-08-29T18:44:24","guid":{"rendered":"https:\/\/www.angiomedica.eu\/catalogo\/?post_type=product&#038;p=76"},"modified":"2025-08-29T18:44:24","modified_gmt":"2025-08-29T18:44:24","slug":"baclofen","status":"publish","type":"product","link":"https:\/\/www.angiomedica.eu\/catalogo\/product\/baclofen\/","title":{"rendered":"Baclofen"},"content":{"rendered":"<h1>Baclofen \u2014 Scheda informativa sul farmaco<\/h1>\n<p>Questa scheda fornisce informazioni generali su Baclofen (\u00e8 un rilassante muscolare e antispastico). Le indicazioni, il dosaggio e le precauzioni specifiche devono essere sempre concordate con il medico. Non sostituire mai le prescrizioni mediche con quanto riportato qui.<\/p>\n<h2>Che cos&#8217;\u00e8 e come funziona<\/h2>\n<p>Baclofen \u00e8 un agonista dei recettori GABA-B che agisce nel midollo spinale riducendo il rilascio di neurotrasmettitori eccitatori. L&#8217;effetto principale \u00e8 la riduzione della spasticit\u00e0 muscolare (aumento del tono muscolare) associata a patologie del sistema nervoso centrale (es. sclerosi multipla, lesione midollare).<\/p>\n<h2>Indicazioni principali<\/h2>\n<ul>\n<li>Trattamento della spasticit\u00e0 muscolare da sclerosi multipla.<\/li>\n<li>Trattamento della spasticit\u00e0 dovuta a lesione del midollo spinale o altre lesioni del sistema nervoso centrale.<\/li>\n<li>Uso intratecale (con pompa) in casi gravi quando la terapia orale non \u00e8 efficace o provoca effetti collaterali intollerabili.<\/li>\n<\/ul>\n<h2>Forme farmaceutiche<\/h2>\n<ul>\n<li>Compresse orali (es. 10 mg, 25 mg a seconda del paese).<\/li>\n<li>Soluzione per somministrazione intratecale tramite pompa impiantabile (uso specialistico).<\/li>\n<\/ul>\n<h2>Posologia indicativa (solo a scopo informativo)<\/h2>\n<p>Le dosi devono essere adattate individualmente. Seguire sempre la prescrizione medica.<\/p>\n<table border=\"1\" cellpadding=\"6\" cellspacing=\"0\">\n<thead>\n<tr>\n<th>Popolazione<\/th>\n<th>Dosaggio iniziale tipico<\/th>\n<th>Titolazione\/Intervallo<\/th>\n<th>Massima dose giornaliera indicativa<\/th>\n<\/tr>\n<\/thead>\n<tbody>\n<tr>\n<td>Adulti (orale)<\/td>\n<td>5 mg 2\u20133 volte\/die (spesso 5 mg 3 volte\/die)<\/td>\n<td>Aumentare gradualmente di 5 mg ogni 3 giorni fino a risposta; molte persone ottengono beneficio con 30\u201380 mg\/die divisi in 3\u20134 somministrazioni<\/td>\n<td>Tipicamente fino a 80 mg\/die (solo su indicazione specialistica; raramente si superano i 80 mg\/die)<\/td>\n<\/tr>\n<tr>\n<td>Anziani<\/td>\n<td>Dose iniziale inferiore (es. 2,5\u20135 mg 2 volte\/die)<\/td>\n<td>Incrementare lentamente e monitorare effetti centrali e funzione renale<\/td>\n<td>Spesso dosi inferiori agli adulti; adattare<\/td>\n<\/tr>\n<tr>\n<td>Bambini<\/td>\n<td>Indicativamente 0,3 mg\/kg\/die diviso in 3 somministrazioni<\/td>\n<td>Aumentare gradualmente (es. +0,3 mg\/kg\/die ogni 3 giorni) fino a risposta; dose usuale 0,75\u20132 mg\/kg\/die<\/td>\n<td>Massimo variabile: consultare sempre uno specialista pediatrico (spesso non superiore a 60\u201380 mg\/die complessivi)<\/td>\n<\/tr>\n<tr>\n<td>Insufficienza renale<\/td>\n<td>Richiede riduzione della dose o allungamento degli intervalli<\/td>\n<td>Monitorare e adattare; in insufficienza renale grave evitare o ridurre molto<\/td>\n<td>Dipende dal grado di insufficienza renale<\/td>\n<\/tr>\n<tr>\n<td>Somministrazione intratecale<\/td>\n<td>Dosi molto inferiori (ug\/gg), gestite esclusivamente in ambiente specialistico<\/td>\n<td>Titolazione e controllo con equipe dedicata<\/td>\n<td>Determinata dallo specialista<\/td>\n<\/tr>\n<\/tbody>\n<\/table>\n<h2>Modalit\u00e0 di somministrazione<\/h2>\n<ul>\n<li>Somministrare per via orale con o senza cibo; se provoca disturbi gastrici, prenderlo con il cibo.<\/li>\n<li>Prendere le dosi a intervalli regolari durante il giorno (es. mattina, pomeriggio, sera) per mantenere livelli stabili.<\/li>\n<li>Non interrompere bruscamente il trattamento: lo stop improvviso pu\u00f2 causare grave sindrome da astinenza (vedi sezione &#8220;Interruzione\/astinenza&#8221;).<\/li>\n<\/ul>\n<h2>Effetti indesiderati<\/h2>\n<p>Di seguito gli effetti pi\u00f9 frequenti e quelli gravi ma rari. Segnalare tempestivamente al medico se compaiono effetti gravi.<\/p>\n<table border=\"1\" cellpadding=\"6\" cellspacing=\"0\">\n<thead>\n<tr>\n<th>Frequenza<\/th>\n<th>Effetti indesiderati<\/th>\n<\/tr>\n<\/thead>\n<tbody>\n<tr>\n<td>Molto comuni \/ comuni<\/td>\n<td>Sonno, sonnolenza, capogiro, debolezza muscolare, affaticamento, nausea, mal di testa, aumento della sensibilit\u00e0 alla luce<\/td>\n<\/tr>\n<tr>\n<td>Rari \/ occasionali<\/td>\n<td>Confusione, allucinazioni, depressione, ipotensione, disturbi della vista, problemi di equilibrio<\/td>\n<\/tr>\n<tr>\n<td>Gravi (da contattare immediatamente)<\/td>\n<td>Depressione respiratoria, convulsioni, alterazioni dello stato mentale gravi (coma), grave ipotensione, reazioni allergiche gravi<\/td>\n<\/tr>\n<\/tbody>\n<\/table>\n<h2>Controindicazioni<\/h2>\n<ul>\n<li>Ipersensibilit\u00e0 al principio attivo o ad uno qualsiasi degli eccipienti.<\/li>\n<li>Uso concomitante non monitorato con farmaci che possono aumentare il rischio di depressione respiratoria (ad es. combinazioni pericolose senza supervisione medica).<\/li>\n<li>Per la forma intratecale: infezione attiva nel sito di impianto o controindicazioni tecniche alla pompa impiantabile.<\/li>\n<\/ul>\n<h2>Precauzioni e avvertenze<\/h2>\n<ul>\n<li>Rischio di cadute e incidenti dovuto a sonnolenza, capogiro o debolezza muscolare \u2014 prestare cautela nelle attivit\u00e0 che richiedono attenzione (guida, uso di macchinari).<\/li>\n<li>Aumentata sensibilit\u00e0 negli anziani e nelle persone con insufficienza renale: iniziare con dosi pi\u00f9 basse e titolare lentamente.<\/li>\n<li>Se si sospetta infezione delle vie urinarie o stitichezza grave, informare il medico (problemi urinari o intestinali possono peggiorare con Baclofen).<\/li>\n<li>Disturbi psichiatrici preesistenti: Baclofen pu\u00f2 indurre o peggiorare depressione, allucinazioni o comportamenti anomali in alcuni pazienti.<\/li>\n<li>Per la somministrazione intratecale: sospendere o ridurre la dose deve essere gestito con estrema cautela per evitare crisi gravi di astinenza. La gestione della pompa deve essere affidata a centri specialistici.<\/li>\n<\/ul>\n<h2>Interazioni farmacologiche importanti<\/h2>\n<ul>\n<li>Alcool e altri sedativi (benzodiazepine, oppioidi, alcuni antipsicotici, alcuni antiepilettici): aumento della depressione del SNC, rischio di sedazione profonda e depressione respiratoria.<\/li>\n<li>Antidepressivi e farmaci che modificano lo stato mentale: monitorare per cambiamenti del comportamento o peggioramento della depressione.<\/li>\n<li>Antipertensivi: possibile aumento del rischio di ipotensione.<\/li>\n<li>Altri miorilassanti o farmaci che abbassano la soglia convulsiva: uso con cautela.<\/li>\n<li>In caso di terapia con farmaci eliminati per via renale, considerare interazioni dovute a funzionalit\u00e0 renale alterata.<\/li>\n<\/ul>\n<h2>Interruzione della terapia e sindrome da astinenza<\/h2>\n<ul>\n<li>Non interrompere Baclofen bruscamente: l&#8217;interruzione improvvisa pu\u00f2 causare aumento della spasticit\u00e0, ipertermia, confusione, allucinazioni, convulsioni, e altre manifestazioni gravi.<\/li>\n<li>La sospensione deve essere effettuata con riduzione graduale della dose secondo le indicazioni del medico (tapering progressivo).<\/li>\n<li>Nel caso di terapia intratecale, la sospensione o malfunzionamento della pompa pu\u00f2 determinare sintomi di astinenza gravissimi: contattare subito il centro specialistico.<\/li>\n<\/ul>\n<h2>Overdose<\/h2>\n<p>I segni di sovradosaggio possono includere forte sedazione, confusione, riduzione della frequenza respiratoria, coma, ipotensione, bradicardia e in alcuni casi convulsioni.<\/p>\n<ul>\n<li>Se si sospetta sovradosaggio: chiamare il 112 o recarsi al pronto soccorso pi\u00f9 vicino.<\/li>\n<li>Trattamento: supporto delle funzioni vitali, monitoraggio respiratorio e cardiovascolare; trattamento sintomatico e di supporto in ospedale.<\/li>\n<\/ul>\n<h2>Gravidanza e allattamento<\/h2>\n<ul>\n<li>Dati umani sono limitati. Baclofen attraversa la placenta; l&#8217;uso in gravidanza deve essere valutato dal medico bilanciando rischi e benefici.<\/li>\n<li>Baclofen passa nel latte materno: l&#8217;allattamento durante il trattamento \u00e8 generalmente sconsigliato o richiede valutazione e monitoraggio del neonato (sonnolenza, problema respiratorio).<\/li>\n<\/ul>\n<h2>Guida e uso di macchinari<\/h2>\n<p>Baclofen pu\u00f2 compromettere la capacit\u00e0 di guidare o usare macchinari a causa di sonnolenza, vertigini o alterazioni della vigilanza. Evitare tali attivit\u00e0 finch\u00e9 non si conosce l&#8217;effetto del farmaco sul proprio organismo.<\/p>\n<h2>Conservazione<\/h2>\n<ul>\n<li>Conservare a temperatura ambiente, al riparo dalla luce e dall&#8217;umidit\u00e0, nella confezione originale.<\/li>\n<li>Tenere fuori dalla portata dei bambini.<\/li>\n<li>Non usare dopo la data di scadenza riportata sulla confezione.<\/li>\n<\/ul>\n<h2>Punti chiave per il paziente (cosa ricordare)<\/h2>\n<ul>\n<li>Prendere il farmaco esattamente come prescritto; non modificare la dose senza consultare il medico.<\/li>\n<li>Non interrompere bruscamente la terapia: pianificare una sospensione graduale con il medico.<\/li>\n<li>Evita l&#8217;alcool durante il trattamento. Segnalare altri farmaci in uso (anche da banco o integratori).<\/li>\n<li>Segnala al medico se insorgono sintomi psichiatrici nuovi o peggioramento di umore o idee suicidarie.<\/li>\n<li>Se si verificano sintomi di sovradosaggio o reazioni allergiche gravi, recarsi al pronto soccorso o chiamare i servizi di emergenza.<\/li>\n<\/ul>\n<h2>Quando contattare il medico subito<\/h2>\n<ul>\n<li>Difficolt\u00e0 respiratorie, forte sonnolenza o perdita di coscienza.<\/li>\n<li>Convulsioni, forte confusione, allucinazioni o comportamento molto anomalo.<\/li>\n<li>Segni di reazione allergica (eruzione cutanea grave, gonfiore del viso o della gola, difficolt\u00e0 a respirare).<\/li>\n<li>Segni di ipotensione grave (svenimento) o riduzione importante del tono muscolare che compromette funzioni vitali.<\/li>\n<\/ul>\n<h2>Domande utili da porre al medico o al farmacista<\/h2>\n<ul>\n<li>Qual \u00e8 lo scopo preciso del Baclofen nella mia situazione?<\/li>\n<li>Quale dose iniziale mi prescrive e come sar\u00e0 effettuata la titolazione?<\/li>\n<li>Quanto tempo ci vorr\u00e0 per notare l\u2019effetto e quali effetti collaterali sono probabili?<\/li>\n<li>Ci sono limiti su attivit\u00e0 quotidiane (guida, lavoro) o alimenti\/drink da evitare?<\/li>\n<li>Come procedere se salto una dose o se penso di voler interrompere la terapia?<\/li>\n<\/ul>\n<h2>Note finali<\/h2>\n<p>Questa scheda ha carattere informativo e non sostituisce la visita medica. Per qualsiasi dubbio o problema contattare il medico curante o il farmacista. In caso di emergenza chiamare i servizi sanitari competenti.<\/p>\n","protected":false},"excerpt":{"rendered":"<p>Il principio attivo \u00e8 il baclofen; \u00e8 disponibile anche con nomi commerciali come Lioresal, Gablofen o altri marchi generici. \u00c8 un miorilassante usato per ridurre la spasticit\u00e0 e la rigidit\u00e0 muscolare in condizioni come la sclerosi multipla o le lesioni del midollo spinale, e talvolta impiegato per altri problemi su indicazione medica.<\/p>\n<h2>Prezzo del Baclofen<\/h2>\n<p>La fascia di prezzo per la Baclofen va da 0.59\u20ac a 3.26\u20ac per pillole. Le sfumature di prezzo sono influenzate dalle dimensioni della confezione e dalla consistenza del principio attivo (30 o 360 pillole; 25mg, 10mg).<\/p>\n","protected":false},"featured_media":106,"comment_status":"open","ping_status":"closed","template":"","meta":{"site-sidebar-layout":"default","site-content-layout":"","ast-site-content-layout":"default","site-content-style":"default","site-sidebar-style":"default","ast-global-header-display":"","ast-banner-title-visibility":"","ast-main-header-display":"","ast-hfb-above-header-display":"","ast-hfb-below-header-display":"","ast-hfb-mobile-header-display":"","site-post-title":"","ast-breadcrumbs-content":"","ast-featured-img":"","footer-sml-layout":"","ast-disable-related-posts":"","theme-transparent-header-meta":"","adv-header-id-meta":"","stick-header-meta":"","header-above-stick-meta":"","header-main-stick-meta":"","header-below-stick-meta":"","astra-migrate-meta-layouts":"default","ast-page-background-enabled":"default","ast-page-background-meta":{"desktop":{"background-color":"var(--ast-global-color-5)","background-image":"","background-repeat":"repeat","background-position":"center center","background-size":"auto","background-attachment":"scroll","background-type":"","background-media":"","overlay-type":"","overlay-color":"","overlay-opacity":"","overlay-gradient":""},"tablet":{"background-color":"","background-image":"","background-repeat":"repeat","background-position":"center center","background-size":"auto","background-attachment":"scroll","background-type":"","background-media":"","overlay-type":"","overlay-color":"","overlay-opacity":"","overlay-gradient":""},"mobile":{"background-color":"","background-image":"","background-repeat":"repeat","background-position":"center center","background-size":"auto","background-attachment":"scroll","background-type":"","background-media":"","overlay-type":"","overlay-color":"","overlay-opacity":"","overlay-gradient":""}},"ast-content-background-meta":{"desktop":{"background-color":"var(--ast-global-color-4)","background-image":"","background-repeat":"repeat","background-position":"center center","background-size":"auto","background-attachment":"scroll","background-type":"","background-media":"","overlay-type":"","overlay-color":"","overlay-opacity":"","overlay-gradient":""},"tablet":{"background-color":"var(--ast-global-color-4)","background-image":"","background-repeat":"repeat","background-position":"center center","background-size":"auto","background-attachment":"scroll","background-type":"","background-media":"","overlay-type":"","overlay-color":"","overlay-opacity":"","overlay-gradient":""},"mobile":{"background-color":"var(--ast-global-color-4)","background-image":"","background-repeat":"repeat","background-position":"center center","background-size":"auto","background-attachment":"scroll","background-type":"","background-media":"","overlay-type":"","overlay-color":"","overlay-opacity":"","overlay-gradient":""}}},"product_brand":[],"product_cat":[130],"product_tag":[],"class_list":{"0":"post-76","1":"product","2":"type-product","3":"status-publish","4":"has-post-thumbnail","6":"product_cat-rilassanti-muscolari","7":"desktop-align-left","8":"tablet-align-left","9":"mobile-align-left","11":"first","12":"instock","13":"shipping-taxable","14":"product-type-external"},"_links":{"self":[{"href":"https:\/\/www.angiomedica.eu\/catalogo\/wp-json\/wp\/v2\/product\/76","targetHints":{"allow":["GET"]}}],"collection":[{"href":"https:\/\/www.angiomedica.eu\/catalogo\/wp-json\/wp\/v2\/product"}],"about":[{"href":"https:\/\/www.angiomedica.eu\/catalogo\/wp-json\/wp\/v2\/types\/product"}],"replies":[{"embeddable":true,"href":"https:\/\/www.angiomedica.eu\/catalogo\/wp-json\/wp\/v2\/comments?post=76"}],"wp:featuredmedia":[{"embeddable":true,"href":"https:\/\/www.angiomedica.eu\/catalogo\/wp-json\/wp\/v2\/media\/106"}],"wp:attachment":[{"href":"https:\/\/www.angiomedica.eu\/catalogo\/wp-json\/wp\/v2\/media?parent=76"}],"wp:term":[{"taxonomy":"product_brand","embeddable":true,"href":"https:\/\/www.angiomedica.eu\/catalogo\/wp-json\/wp\/v2\/product_brand?post=76"},{"taxonomy":"product_cat","embeddable":true,"href":"https:\/\/www.angiomedica.eu\/catalogo\/wp-json\/wp\/v2\/product_cat?post=76"},{"taxonomy":"product_tag","embeddable":true,"href":"https:\/\/www.angiomedica.eu\/catalogo\/wp-json\/wp\/v2\/product_tag?post=76"}],"curies":[{"name":"wp","href":"https:\/\/api.w.org\/{rel}","templated":true}]}}