{"id":16,"date":"2026-02-16T08:18:29","date_gmt":"2026-02-16T08:18:29","guid":{"rendered":"https:\/\/www.angiomedica.eu\/catalogo\/?post_type=product&#038;p=16"},"modified":"2026-02-16T08:18:29","modified_gmt":"2026-02-16T08:18:29","slug":"dostinex","status":"publish","type":"product","link":"https:\/\/www.angiomedica.eu\/catalogo\/product\/dostinex\/","title":{"rendered":"Dostinex"},"content":{"rendered":"<h1>Guida al farmaco: Dostinex (cabergolina)<\/h1>\n<h2>Informazioni generali<\/h2>\n<p><strong>Principio attivo:<\/strong> cabergolina<\/p>\n<p><strong>Classe farmacologica:<\/strong> agonista dopaminergico ergotico<\/p>\n<p><strong>Forma farmaceutica comune:<\/strong> compresse (es. 0,5 mg)<\/p>\n<p>Questa guida fornisce informazioni di carattere generale su Dostinex. Non sostituisce il parere del medico. Seguire sempre le indicazioni del medico o del farmacista.<\/p>\n<h2>Indicazioni principali<\/h2>\n<ul>\n<li>Trattamento dell&#8217;iperprolattinemia (aumento dei livelli di prolattina) e dei prolattinomi (adenomi secernenti prolattina).<\/li>\n<li>Normalizzazione dei livelli di prolattina per ristabilire il ciclo mestruale e la fertilit\u00e0 quando indicato dal medico.<\/li>\n<\/ul>\n<h2>Tabella riassuntiva: uso comune<\/h2>\n<table border=\"1\" cellpadding=\"6\" cellspacing=\"0\">\n<tr>\n<th>Voce<\/th>\n<th>Descrizione<\/th>\n<\/tr>\n<tr>\n<td>Modalit\u00e0 di somministrazione<\/td>\n<td>Per via orale, compresse intere<\/td>\n<\/tr>\n<tr>\n<td>Assunzione rispetto ai pasti<\/td>\n<td>Pu\u00f2 essere assunto con o senza cibo<\/td>\n<\/tr>\n<tr>\n<td>Dosi usuali (orientative)<\/td>\n<td>Inizialmente 0,25 mg due volte alla settimana (es. luned\u00ec e gioved\u00ec). Dose di mantenimento tipica 0,5\u20131 mg\/settimana; in casi selezionati il medico pu\u00f2 aumentare la dose. La titolazione e la dose esatta devono essere stabilite dal medico.<\/td>\n<\/tr>\n<tr>\n<td>Durata del trattamento<\/td>\n<td>Individuale: pu\u00f2 essere necessario trattamento a lungo termine per adenomi; rivalutazioni periodiche dal medico<\/td>\n<\/tr>\n<\/table>\n<h2>Come prendere Dostinex<\/h2>\n<ul>\n<li>Assumere esattamente come prescritto dal medico. Non modificare dose o frequenza senza consultare il medico.<\/li>\n<li>\u00c8 comune somministrare la compressa due volte alla settimana in giorni fissi (es. luned\u00ec e gioved\u00ec) per mantenere una somministrazione regolare.<\/li>\n<li>Se si dimentica una dose: assumerla appena ricordato se non \u00e8 troppo vicino alla dose successiva; non raddoppiare la dose per compensare.<\/li>\n<li>Non interrompere bruscamente la terapia senza consultare il medico, specialmente in caso di trattamento per adenoma prolattina-secernente.<\/li>\n<\/ul>\n<h2>Avvertenze e precauzioni<\/h2>\n<ul>\n<li>Informare il medico in caso di pregresse patologie cardiache, specialmente valvulopatie, poich\u00e9 la cabergolina \u00e8 stata associata a rischio di alterazioni valvolari soprattutto a dosi elevate\/protratte.<\/li>\n<li>Il medico pu\u00f2 richiedere esami preliminari (es. ecocardiogramma) e controlli periodici del cuore se il trattamento \u00e8 prolungato o le dosi sono elevate.<\/li>\n<li>Segnalare anamnesi di malattie psichiatriche (psicosi, disturbi compulsivi), problemi epatici o ipertensione.<\/li>\n<li>Durante le prime dosi possono comparire capogiri o sonnolenza: evitare guida o uso di macchinari finch\u00e9 non si conosce la risposta individuale al farmaco.<\/li>\n<li>Informare il medico su tutti gli altri farmaci in uso (anche da banco e integratori).<\/li>\n<\/ul>\n<h2>Controindicazioni<\/h2>\n<ul>\n<li>Ipersensibilit\u00e0 nota alla cabergolina o ad altri derivati dell&#8217;ergot.<\/li>\n<li>Consultare il medico prima dell&#8217;uso in caso di gravidanza sospetta o in corso: l&#8217;uso va valutato attentamente.<\/li>\n<li>Seguire le controindicazioni riportate nel foglio illustrativo incluso con il medicinale e le indicazioni del medico curante.<\/li>\n<\/ul>\n<h2>Effetti indesiderati<\/h2>\n<p>Di seguito sono elencati gli effetti indesiderati pi\u00f9 frequenti e quelli pi\u00f9 gravi che richiedono attenzione medica immediata.<\/p>\n<h3>Effetti indesiderati comuni (possono verificarsi)<\/h3>\n<ul>\n<li>Nausea, vomito<\/li>\n<li>Capogiri, vertigini (specie all&#8217;inizio della terapia)<\/li>\n<li>Sonnolenza, affaticamento<\/li>\n<li>Mal di testa<\/li>\n<li>Bocca secca, disturbi gastrointestinali<\/li>\n<\/ul>\n<h3>Effetti meno comuni\/seri (segnalare immediatamente)<\/h3>\n<ul>\n<li>Segni di reazioni allergiche gravi (eruzione cutanea, prurito intenso, gonfiore al viso, difficolt\u00e0 respiratorie)<\/li>\n<li>Dolore toracico, mancanza di respiro, gonfiore alle caviglie (possibile segno di problemi cardiaci o polmonari)<\/li>\n<li>Segni di alterazioni valvolari cardiache (soffi, affaticamento inspiegabile)<\/li>\n<li>Allucinazioni, confusione, peggioramento di disturbi psichiatrici<\/li>\n<li>Comportamenti compulsivi (es. gioco d&#8217;azzardo patologico, ipersessualit\u00e0, shopping compulsivo): informare il medico se compaiono<\/li>\n<\/ul>\n<h2>Interazioni farmacologiche<\/h2>\n<ul>\n<li>Evitare l&#8217;uso concomitante con farmaci che antagonizzano i recettori dopaminergici (es. alcuni antipsicotici, metoclopramide): possono ridurre l&#8217;effetto di cabergolina.<\/li>\n<li>Informare il medico se si assumono antibiotici macrolidi, alcuni antifungini o inibitori\/induttori enzimatici: potrebbero modificare la farmacocinetica. Il medico valuter\u00e0 eventuali aggiustamenti.<\/li>\n<li>Uso concomitante con antiipertensivi pu\u00f2 aumentare il rischio di ipotensione; monitorare la pressione arteriosa.<\/li>\n<li>Comunichi sempre al medico tutti i farmaci (anche da banco) e gli integratori che sta assumendo.<\/li>\n<\/ul>\n<h2>Gravidanza e allattamento<\/h2>\n<ul>\n<li>Se sta pianificando una gravidanza o sospetta di essere incinta, consulti il medico: la decisione di proseguire o interrompere il trattamento va valutata caso per caso. In molte situazioni il medico sospende il farmaco una volta confermata la gravidanza, ma la gestione dipende dal tipo e dalle dimensioni della lesione ipofisaria.<\/li>\n<li>La cabergolina riduce o sopprime la produzione di latte materno. Se si desidera allattare, generalmente non \u00e8 raccomandata la terapia con cabergolina.<\/li>\n<li>Discutere sempre con il medico i potenziali rischi e benefici durante gravidanza e allattamento.<\/li>\n<\/ul>\n<h2>Sovradosaggio<\/h2>\n<ul>\n<li>I sintomi possono includere nausea, vomito, ipotensione (pressione bassa), capogiri, sonnolenza, alterazioni del ritmo cardiaco e, raramente, cambiamenti dello stato mentale.<\/li>\n<li>In caso di sospetto sovradosaggio, contattare immediatamente un centro antiveleni o recarsi al pronto soccorso. Portare il confezionamento del farmaco.<\/li>\n<\/ul>\n<h2>Controlli e monitoraggio<\/h2>\n<ul>\n<li>Controllo periodico dei livelli di prolattina per valutare la risposta al trattamento.<\/li>\n<li>Valutazioni oftalmiche ed endocrinologiche se sintomi neurologici o visivi compaiono (possibile crescita tumorale residua\/effetto locale).<\/li>\n<li>Per trattamenti prolungati o ad alte dosi, il medico pu\u00f2 richiedere un ecocardiogramma per valutare la funzione valvolare cardiaca.<\/li>\n<\/ul>\n<h2>Conservazione<\/h2>\n<ul>\n<li>Conservare nella confezione originale, a temperatura ambiente controllata (seguire le indicazioni del foglio illustrativo).<\/li>\n<li>Tenere fuori dalla portata dei bambini.<\/li>\n<li>Non usare dopo la data di scadenza indicata sulla confezione.<\/li>\n<\/ul>\n<h2>Quando contattare il medico<\/h2>\n<ul>\n<li>Se si verificano effetti indesiderati gravi o sintomi nuovi\/peggiorati (dolore toracico, difficolt\u00e0 respiratoria, gonfiore alle gambe, allucinazioni, comportamento compulsivo).<\/li>\n<li>Se la terapia sembra inefficace o compaiono segni di recidiva dei sintomi correlati a iperprolattinemia.<\/li>\n<li>Se si sospetta una gravidanza durante l&#8217;assunzione del farmaco.<\/li>\n<\/ul>\n<h2>Domande frequenti (FAQ)<\/h2>\n<ol>\n<li><strong>Posso guidare dopo aver preso Dostinex?<\/strong> Alcune persone avvertono sonnolenza o capogiri; non guidare o usare macchinari finch\u00e9 non si \u00e8 sicuri della propria reazione al farmaco.<\/li>\n<li><strong>Per quanto tempo dovr\u00f2 assumere il farmaco?<\/strong> Dipende dalla causa dell&#8217;aumento di prolattina e dalla risposta al trattamento. Alcune persone assumono il farmaco per mesi, altre per anni; la decisione \u00e8 del medico.<\/li>\n<li><strong>\u00c8 possibile bere alcol?<\/strong> L&#8217;alcol pu\u00f2 aumentare la sonnolenza e i capogiri; \u00e8 consigliabile limitare l&#8217;assunzione e parlarne con il medico.<\/li>\n<\/ol>\n<hr>\n<p><strong>Nota finale:<\/strong> queste informazioni sono generali. Per prescrizioni, dettagli terapeutici personalizzati e decisioni cliniche rivolgersi sempre al medico o allo specialista che ha in cura il caso.<\/p>\n","protected":false},"excerpt":{"rendered":"<p>Dostinex contiene il principio attivo cabergolina, un farmaco dopaminergico. \u00c8 anche noto come cabergoline o venduto con nomi commerciali come Cabaser o in forma generica. Viene usato per abbassare i livelli di prolattina nel sangue, trattare l&#8217;eccesso di prolattina e i prolattinomi, e talvolta per alcuni disturbi neurologici come il morbo di Parkinson.<\/p>\n<h2>Prezzo Dostinex<\/h2>\n<p>La fascia di prezzo comune per la Dostinex \u00e8 compresa tra 3.15\u20ac e 12.34\u20ac per pillole. Questo intervallo \u00e8 soggetto alle dimensioni della confezione e alla potenza degli ingredienti contenuti (4 o 56 pillole; 0.5mg, 0.25mg).<\/p>\n","protected":false},"featured_media":46,"comment_status":"open","ping_status":"closed","template":"","meta":{"site-sidebar-layout":"default","site-content-layout":"","ast-site-content-layout":"default","site-content-style":"default","site-sidebar-style":"default","ast-global-header-display":"","ast-banner-title-visibility":"","ast-main-header-display":"","ast-hfb-above-header-display":"","ast-hfb-below-header-display":"","ast-hfb-mobile-header-display":"","site-post-title":"","ast-breadcrumbs-content":"","ast-featured-img":"","footer-sml-layout":"","ast-disable-related-posts":"","theme-transparent-header-meta":"","adv-header-id-meta":"","stick-header-meta":"","header-above-stick-meta":"","header-main-stick-meta":"","header-below-stick-meta":"","astra-migrate-meta-layouts":"default","ast-page-background-enabled":"default","ast-page-background-meta":{"desktop":{"background-color":"var(--ast-global-color-5)","background-image":"","background-repeat":"repeat","background-position":"center center","background-size":"auto","background-attachment":"scroll","background-type":"","background-media":"","overlay-type":"","overlay-color":"","overlay-opacity":"","overlay-gradient":""},"tablet":{"background-color":"","background-image":"","background-repeat":"repeat","background-position":"center center","background-size":"auto","background-attachment":"scroll","background-type":"","background-media":"","overlay-type":"","overlay-color":"","overlay-opacity":"","overlay-gradient":""},"mobile":{"background-color":"","background-image":"","background-repeat":"repeat","background-position":"center center","background-size":"auto","background-attachment":"scroll","background-type":"","background-media":"","overlay-type":"","overlay-color":"","overlay-opacity":"","overlay-gradient":""}},"ast-content-background-meta":{"desktop":{"background-color":"var(--ast-global-color-4)","background-image":"","background-repeat":"repeat","background-position":"center center","background-size":"auto","background-attachment":"scroll","background-type":"","background-media":"","overlay-type":"","overlay-color":"","overlay-opacity":"","overlay-gradient":""},"tablet":{"background-color":"var(--ast-global-color-4)","background-image":"","background-repeat":"repeat","background-position":"center center","background-size":"auto","background-attachment":"scroll","background-type":"","background-media":"","overlay-type":"","overlay-color":"","overlay-opacity":"","overlay-gradient":""},"mobile":{"background-color":"var(--ast-global-color-4)","background-image":"","background-repeat":"repeat","background-position":"center center","background-size":"auto","background-attachment":"scroll","background-type":"","background-media":"","overlay-type":"","overlay-color":"","overlay-opacity":"","overlay-gradient":""}}},"product_brand":[],"product_cat":[16],"product_tag":[],"class_list":{"0":"post-16","1":"product","2":"type-product","3":"status-publish","4":"has-post-thumbnail","6":"product_cat-salute-femminile","7":"desktop-align-left","8":"tablet-align-left","9":"mobile-align-left","11":"first","12":"instock","13":"shipping-taxable","14":"product-type-external"},"_links":{"self":[{"href":"https:\/\/www.angiomedica.eu\/catalogo\/wp-json\/wp\/v2\/product\/16","targetHints":{"allow":["GET"]}}],"collection":[{"href":"https:\/\/www.angiomedica.eu\/catalogo\/wp-json\/wp\/v2\/product"}],"about":[{"href":"https:\/\/www.angiomedica.eu\/catalogo\/wp-json\/wp\/v2\/types\/product"}],"replies":[{"embeddable":true,"href":"https:\/\/www.angiomedica.eu\/catalogo\/wp-json\/wp\/v2\/comments?post=16"}],"wp:featuredmedia":[{"embeddable":true,"href":"https:\/\/www.angiomedica.eu\/catalogo\/wp-json\/wp\/v2\/media\/46"}],"wp:attachment":[{"href":"https:\/\/www.angiomedica.eu\/catalogo\/wp-json\/wp\/v2\/media?parent=16"}],"wp:term":[{"taxonomy":"product_brand","embeddable":true,"href":"https:\/\/www.angiomedica.eu\/catalogo\/wp-json\/wp\/v2\/product_brand?post=16"},{"taxonomy":"product_cat","embeddable":true,"href":"https:\/\/www.angiomedica.eu\/catalogo\/wp-json\/wp\/v2\/product_cat?post=16"},{"taxonomy":"product_tag","embeddable":true,"href":"https:\/\/www.angiomedica.eu\/catalogo\/wp-json\/wp\/v2\/product_tag?post=16"}],"curies":[{"name":"wp","href":"https:\/\/api.w.org\/{rel}","templated":true}]}}